= f**2 + 11*f + 13. Suppose 2*r + 13 = -t, 3*r + 2 = t - 0*r. Let g(n) = -n**2 - 8*n - 2. What is the remainder when g(t) is divided by u(-10)?
2
Suppose 3*h = 7*h + 7*h. Suppose -5*q + 254 + 46 = h. Calculate the remainder when q is divided by 9.
6
Suppose 5*n + b - 16 = 2*n, n - 4*b + 12 = 0. What is the remainder when (-1 + 97)*(n/8 + 1) is divided by 37?
33
Let z(g) = 2*g**2 - 4*g + 1. Let b be z(3). Suppose -3*y = -2*y - b. Calculate the remainder when y is divided by (-4 - -6) + (1 - -2).
2
Let q = 1540 - 1335. Calculate the remainder when q is divided by 70.
65
Let p(c) = -2*c - 9. Let r be p(-8). Let m = -4 + r. Suppose m*k + 4*b - 2*b = 127, 97 = 3*k - 4*b. What is the remainder when k is divided by 10?
9
Suppose 5 = 5*d + 5*w, 0*w - 3 = 3*w. Let u(q) = 9*q**2 - 2 + 9*q**2 + q - 3*q**d - 3*q**2. Calculate the remainder when 41 is divided by u(1).
8
Let z be 9 - 1*(-1 + -2). Suppose j + i = z, -5*j + 6*i + 48 = 5*i. Calculate the remainder when 27 is divided by j.
7
Calculate the remainder when 3 - 750*2/(-3) is divided by 28.
27
Let t(c) = 2*c**2 - 5*c + 14. Let s be t(4). Suppose 30*y = 31*y - s. What is the remainder when y is divided by 7?
5
Let r be (-7)/7 + (-4)/2 - 2. Let w(f) = -f**2 - 17*f - 9. Calculate the remainder when w(r) is divided by 14.
9
Suppose -5*y + 2 = 17. Let g be (y/(-6))/((-2)/(-24)). What is the remainder when (-1 - 79)*(-3)/g is divided by 21?
19
Suppose -50 = 5*d - 0. Let x(i) = i**2 + 11*i + 15. Let u(m) = m**2 + 2*m. What is the remainder when u(2) is divided by x(d)?
3
Suppose g + 587 = 3*w, -291 = -w + 4*g - 110. What is the remainder when w is divided by 55?
32
Suppose h = 53 - 16. Suppose -48 = -5*x + h. Suppose -3*k + x + 28 = 0. What is the remainder when k is divided by 6?
3
Let l = -6 - -19. What is the remainder when (315/(-42))/(3/(-4)) - -7 is divided by l?
4
Let y(j) = -1 + 2*j + 2*j - 9*j. Calculate the remainder when 26 is divided by y(-2).
8
Let a = -117 + 116. Suppose 0 = x + x - 32. Let s = x - a. Calculate the remainder when s is divided by 4.
1
Let h = 169 + 46. Suppose 4*d = 3*b - h - 48, 0 = b + 5*d - 56. What is the remainder when b is divided by 21?
18
Let h(p) = -p**3 - 11*p**2 + 18*p + 5. Let x be h(-12). Let m = x + 75. Calculate the remainder when 15 is divided by m.
7
Let s(j) = -136*j + 30. Calculate the remainder when s(-1) is divided by 49.
19
Let v(s) = -s**3 - 4*s**2 + 7*s + 21. What is the remainder when 101 is divided by v(-6)?
50
Let z(d) = 2*d**2 + 57*d + 18. Let i be z(-28). Suppose o + o = -4. Let j = o - i. Calculate the remainder when j is divided by 3.
2
What is the remainder when 59 is divided by (-12 + -3)/(2 - 3)?
14
Let l = 632 - 619. Suppose -5*c - 5*o = 10, -4*o = -o + 6. What is the remainder when (c - 1)*(-48 + -2) is divided by l?
11
Suppose -2*z + 5*c + 46 = -4, 14 = z + 3*c. Suppose 11*b = 9*b. Calculate the remainder when z is divided by 1 + b + 9 + -3.
6
Suppose -4*t + 83 = -9. Suppose 0 = -3*z - 5*n + 292, -n - 2*n = z - 96. Suppose -4*j + z + 73 = 0. Calculate the remainder when j is divided by t.
20
Let i(z) = -z**2 + 12*z - 15. Let u = 8 + -23. Let k = 24 + u. What is the remainder when k is divided by i(10)?
4
Suppose g = 6 - 2. Suppose 237 = g*h + 5*x, 71 = h - 4*x - 4. What is the remainder when h is divided by 22?
19
Let y(d) = -d**3 - 10*d**2 + 36*d + 14. What is the remainder when y(-13) is divided by 12?
5
Suppose -4*g + 0*r - 2*r = 2, -5*g - 4*r = 1. Let c be (-49)/(-14)*(g + -1). Let f = c + 15. What is the remainder when 23 is divided by f?
7
Let a be (-5)/((-10)/64) - 2. Let w = 38 + -34. Suppose a + 18 = w*j. Calculate the remainder when 45 is divided by j.
9
Suppose -294 = -11*d + 9*d - 3*v, 2*d - 266 = 4*v. Calculate the remainder when d is divided by 32.
13
Suppose 42 = 4*k - 5*m, 28 - 46 = -k + 5*m. Calculate the remainder when 815 is divided by k.
7
Suppose 14*s + 43993 = 51*s. What is the remainder when s is divided by 70?
69
Let l(p) = 27*p - 57. Calculate the remainder when l(8) is divided by 23.
21
Suppose 0 = 13*a - 8*a - 70. Calculate the remainder when (-37)/(4 + 52/(-12)) is divided by a.
13
Let x(s) = 2*s**2 + 4*s - 14. Let f be x(6). Suppose -4*p - 22 = -f. Calculate the remainder when 57 is divided by p.
12
Suppose -31*l + 36*l - 200 = 3*r, -2*l + 49 = 5*r. What is the remainder when l is divided by 4?
1
Let d(w) be the third derivative of w**4/8 + 37*w**3/6 - 9*w**2. What is the remainder when 27 is divided by d(-9)?
7
Let f(n) = -2*n + 38. Suppose -23*k = -24*k. What is the remainder when f(k) is divided by 21?
17
Suppose r + 7 = 3*u, 0 = -3*r + u - 6*u + 21. Let z(x) = x + 1. Let i be z(2). Suppose -4*m + 11 = i. Calculate the remainder when r is divided by m.
0
Let i = -78 + 71. What is the remainder when 261 is divided by i - -3 - 1/(2/(-52))?
19
Let m be 75/(-2) + 135/90. Calculate the remainder when ((189/6)/(-7))/(6/m) is divided by 22.
5
Let a(n) = 2*n + 7. Let v be a(6). What is the remainder when 57 is divided by (v/2 - -5)*2?
28
Let y(v) = -14*v - 87. What is the remainder when y(-16) is divided by 14?
11
Suppose 0 = r - 0*k + 5*k - 42, -4*r = -2*k - 80. Let m = 0 + r. What is the remainder when m is divided by 1 - 3/6 - 92/(-8)?
10
Let c(k) = -k**3 + 10*k**2 - 9*k - 3. Suppose 3*d - 57 = 3*q, 3*q + 0*q = -5*d + 103. Calculate the remainder when c(5) is divided by d.
17
Calculate the remainder when 3/((-3)/9 - 82/(-219)) is divided by 25.
23
Let f be 0 + (3 - 5)/2. Let w(d) = -4*d + 1. Let i be w(f). Suppose -56 + 1 = -i*n. Calculate the remainder when n is divided by 6.
5
Let y = 20 - 5. Let s(v) = 3*v - 10. What is the remainder when s(y) is divided by 19?
16
Suppose -4*d + m - 58 + 13 = 0, 5*d - 4*m + 59 = 0. Let s(i) = 2*i**2 + 23*i + 22. What is the remainder when 30 is divided by s(d)?
8
Suppose -5*r = x - 526, 7*x - 4*x = -12. What is the remainder when r is divided by 29?
19
Let u(r) = -2*r + 9. Let q be u(3). Suppose -q*b + 448 = 4*b. Calculate the remainder when b is divided by 13.
12
Let z be (-4)/14 - (-80)/35. Suppose 3*y = -z*y. Suppose y*s - j + 19 = s, j = 4*s - 66. Calculate the remainder when s is divided by 5.
2
Let q(x) = -x**3 - 6*x**2 + 47*x + 3. Calculate the remainder when 110 is divided by q(4).
17
Suppose -3*n = 2*v - 1859, 4*n = 3*v + 653 - 3450. What is the remainder when v is divided by 117?
112
Suppose -3 = -t + 2. Suppose 4*l - t = -q + 4, 0 = 2*q + l - 11. What is the remainder when 22 is divided by q?
2
Let f(j) = -12*j**2 - 13*j. Suppose -4*p = 4*x - 24, -p + 4*p = -x + 8. What is the remainder when p is divided by f(-1)?
0
Let a(j) = 3*j - 14. Let i = -70 + 117. Calculate the remainder when i is divided by a(8).
7
Let m = 1176 + -1117. What is the remainder when 203 is divided by m?
26
Suppose 241 = 165*o - 164*o. Let k = -23 + 58. What is the remainder when o is divided by k?
31
Suppose 50*v + 14 = 2*o + 49*v, 0 = 5*o - v - 41. Suppose -3*d + x + 59 = -32, 62 = 2*d - 2*x. Calculate the remainder when d is divided by o.
3
What is the remainder when 166 is divided by 2 - (-7 + -3 - -5)?
5
Suppose 2*s - 15 = -15. Calculate the remainder when 75 is divided by (2/((-2)/19))/(-1 + s).
18
Suppose 0*i + 5 = -5*i, 2*i = 2*g - 30. Let k = 232 + -229. What is the remainder when g is divided by k?
2
Suppose -c + 30 - 14 = 0. Calculate the remainder when 45 is divided by c.
13
Let n = 1740 + -1331. What is the remainder when n is divided by 152?
105
Suppose 354 = 4*f - 2*j - 208, -2*j + 284 = 2*f. Suppose 4*q = -26 + 90. Calculate the remainder when f is divided by q.
13
Let m = -254 - -301. Let r be (-3)/(-12)*-5*4. Let i = r + 17. Calculate the remainder when m is divided by i.
11
Let u(w) = -w + 52. What is the remainder when u(24) is divided by 8?
4
Let b = 20 + -18. Suppose 0 = b*x - x - 13. Calculate the remainder when 32 is divided by x.
6
Let i = 888 + -779. Calculate the remainder when 1523 is divided by i.
106
Let i(a) = a**3 + a - 1. Let p = 591 - 575. What is the remainder when p is divided by i(2)?
7
Let o(b) = -2*b**2 - 15*b - 12. Let r be o(-6). Suppose -r*c - 4 = -7*c. Calculate the remainder when 30 is divided by c.
2
Let x = -9 - -14. Suppose -25 = -6*c + x. Suppose 119 - 39 = c*k. Calculate the remainder when 30 is divided by k.
14
Let w(j) = j**2 - 13*j + 51. C